{"id":208,"date":"2015-07-30T14:53:38","date_gmt":"2015-07-30T12:53:38","guid":{"rendered":"http:\/\/localhost\/wordpress3_bildarchiv\/?page_id=208"},"modified":"2023-04-27T22:51:23","modified_gmt":"2023-04-27T22:51:23","slug":"saalfeld","status":"publish","type":"page","link":"https:\/\/dampflokbildarchiv.de\/?page_id=208","title":{"rendered":"Saalfeld"},"content":{"rendered":"<p style=\"text-align: center;\">Der Eisenbahnknoten Saalfeld und die abgehenden Strecken waren immer schon Anziehungspunkt<br \/>\nf\u00fcr Eisenbahnfotografen. Insbesondere w\u00e4hrend der letzten Einsatztage der Baureihen 95, 01 und 44<br \/>\nwar die Stra\u00dfenbr\u00fccke am Bw Saalfeld beliebter Fotostandpunkt. Nach Abschied von der BR 41 lie\u00df<br \/>\ndas Interesse an Strecken rund um Saalfeld merklich nach. Trotzdem konnte man auch nach 1986<br \/>\nsch\u00f6ne Eisenbahnfotos machen. Auf der folgenden Seite habe ich einige Bilder aus der Zeit vor der<br \/>\nWiederelektrifizierung zusammengestellt.<\/p>\n\n\t\t<style type=\"text\/css\">\n\t\t\t#gallery-1 {\n\t\t\t\tmargin: auto;\n\t\t\t}\n\t\t\t#gallery-1 .gallery-item {\n\t\t\t\tfloat: left;\n\t\t\t\tmargin-top: 10px;\n\t\t\t\ttext-align: center;\n\t\t\t\twidth: 100%;\n\t\t\t}\n\t\t\t#gallery-1 img {\n\t\t\t\tborder: 2px solid #cfcfcf;\n\t\t\t}\n\t\t\t#gallery-1 .gallery-caption {\n\t\t\t\tmargin-left: 0;\n\t\t\t}\n\t\t\t\/* see gallery_shortcode() in wp-includes\/media.php *\/\n\t\t<\/style>\n\t\t<div id='gallery-1' class='gallery galleryid-208 gallery-columns-1 gallery-size-large'><dl class='gallery-item'>\n\t\t\t<dt class='gallery-icon landscape'>\n\t\t\t\t<a href='https:\/\/dampflokbildarchiv.de\/?attachment_id=1161'><img loading=\"lazy\" decoding=\"async\" width=\"400\" height=\"269\" src=\"https:\/\/dampflokbildarchiv.de\/wp-content\/uploads\/2015\/07\/6642-T_204-680_xx-02-1994_b_02-400x269.jpg\" class=\"attachment-large size-large\" alt=\"\" srcset=\"https:\/\/dampflokbildarchiv.de\/wp-content\/uploads\/2015\/07\/6642-T_204-680_xx-02-1994_b_02-400x269.jpg 400w, https:\/\/dampflokbildarchiv.de\/wp-content\/uploads\/2015\/07\/6642-T_204-680_xx-02-1994_b_02-400x269-300x202.jpg 300w\" sizes=\"auto, (max-width: 400px) 100vw, 400px\" \/><\/a>\n\t\t\t<\/dt><\/dl><br style=\"clear: both\" \/>\n\t\t<\/div>\n\n<p style=\"text-align: center;\">204 680 mit Wendezug nach Naumburg bei Orlam\u00fcnde<\/p>\n","protected":false},"excerpt":{"rendered":"<p>Der Eisenbahnknoten Saalfeld und die abgehenden Strecken waren immer schon Anziehungspunkt f\u00fcr Eisenbahnfotografen. Insbesondere w\u00e4hrend der letzten Einsatztage der Baureihen 95, 01 und 44 war die Stra\u00dfenbr\u00fccke am Bw Saalfeld beliebter Fotostandpunkt. Nach Abschied von der BR 41 lie\u00df das Interesse an Strecken rund um Saalfeld merklich nach. Trotzdem konnte man auch nach 1986 sch\u00f6ne [&hellip;]<\/p>\n","protected":false},"author":1,"featured_media":0,"parent":0,"menu_order":0,"comment_status":"open","ping_status":"open","template":"","meta":{"footnotes":""},"class_list":["post-208","page","type-page","status-publish","hentry"],"_links":{"self":[{"href":"https:\/\/dampflokbildarchiv.de\/index.php?rest_route=\/wp\/v2\/pages\/208","targetHints":{"allow":["GET"]}}],"collection":[{"href":"https:\/\/dampflokbildarchiv.de\/index.php?rest_route=\/wp\/v2\/pages"}],"about":[{"href":"https:\/\/dampflokbildarchiv.de\/index.php?rest_route=\/wp\/v2\/types\/page"}],"author":[{"embeddable":true,"href":"https:\/\/dampflokbildarchiv.de\/index.php?rest_route=\/wp\/v2\/users\/1"}],"replies":[{"embeddable":true,"href":"https:\/\/dampflokbildarchiv.de\/index.php?rest_route=%2Fwp%2Fv2%2Fcomments&post=208"}],"version-history":[{"count":4,"href":"https:\/\/dampflokbildarchiv.de\/index.php?rest_route=\/wp\/v2\/pages\/208\/revisions"}],"predecessor-version":[{"id":1861,"href":"https:\/\/dampflokbildarchiv.de\/index.php?rest_route=\/wp\/v2\/pages\/208\/revisions\/1861"}],"wp:attachment":[{"href":"https:\/\/dampflokbildarchiv.de\/index.php?rest_route=%2Fwp%2Fv2%2Fmedia&parent=208"}],"curies":[{"name":"wp","href":"https:\/\/api.w.org\/{rel}","templated":true}]}}