{"id":184,"date":"2015-07-30T14:05:34","date_gmt":"2015-07-30T12:05:34","guid":{"rendered":"http:\/\/localhost\/wordpress3_bildarchiv\/?page_id=184"},"modified":"2021-04-21T08:21:59","modified_gmt":"2021-04-21T08:21:59","slug":"kohlenstaub","status":"publish","type":"page","link":"https:\/\/dampflokbildarchiv.de\/?page_id=184","title":{"rendered":"Kohlenstaub"},"content":{"rendered":"<p>&nbsp;<\/p>\n<p style=\"text-align: center;\">Im&nbsp;Dezember 1981 wurden&nbsp;alle \u00d6l-44er abgestellt wurden.&nbsp;Kurzeitige Eins\u00e4tze gab es nochmals<br>im April 1982, um die in den Bahnbetriebswerken vorhandenen \u00d6lbest\u00e4nde aufzubrauchen.<br>Ein Gro\u00dfteil der 44er wurde danach auf Rostfeuerung f\u00fcr Heizzwecke zur\u00fcckgebaut.<br>Eins\u00e4tze im Zugdienst blieben danach aber die Ausnahme.<\/p>\n<p style=\"text-align: center;\">Damit endete das Kapitel BR 44, fast:<br>Denn im Jahr 1983 wurde die ehemalige Sangerh\u00e4user 44 0278 auf&nbsp;Kohlenstaubfeuerung<br>umgebaut und als WL6 (44 9278)&nbsp;neben der WL5 (44 2851) wieder im Zugdienst eingesetzt:<\/p>\n<div class=\"nggallery\">&nbsp;<\/div>\n\n\n<style id=\"bwg-style-0\">    #bwg_container1_0 #bwg_container2_0 .bwg-container-0.bwg-standard-thumbnails {      width: 604px;              justify-content: center;        margin:0 auto !important;              background-color: rgba(255, 255, 255, 0.00);            padding-left: 4px;      padding-top: 4px;      max-width: 100%;            }        #bwg_container1_0 #bwg_container2_0 .bwg-container-0.bwg-standard-thumbnails .bwg-item {    justify-content: flex-start;      max-width: 120px;          }    #bwg_container1_0 #bwg_container2_0 .bwg-container-0.bwg-standard-thumbnails .bwg-item a {       margin-right: 4px;       margin-bottom: 4px;    }    #bwg_container1_0 #bwg_container2_0 .bwg-container-0.bwg-standard-thumbnails .bwg-item0 {      padding: 0px;            background-color:rgba(0,0,0, 0.30);      border: 5px none #FFFFFF;      opacity: 1.00;      border-radius: 0;      box-shadow: ;    }    #bwg_container1_0 #bwg_container2_0 .bwg-container-0.bwg-standard-thumbnails .bwg-item1 img {      max-height: none;      max-width: none;      padding: 0 !important;    }         @media only screen and (min-width: 480px) {\t\t#bwg_container1_0 #bwg_container2_0 .bwg-container-0.bwg-standard-thumbnails .bwg-item1 img {\t\t\t-webkit-transition: all .3s; transition: all .3s;\t\t}\t\t#bwg_container1_0 #bwg_container2_0 .bwg-container-0.bwg-standard-thumbnails .bwg-item1 img:hover {\t\t\t-ms-transform: scale(1.08);\t\t\t-webkit-transform: scale(1.08);\t\t\ttransform: scale(1.08);\t\t}\t\t\t\t.bwg-standard-thumbnails .bwg-zoom-effect .bwg-zoom-effect-overlay {\t\t\t\t\t\tbackground-color:rgba(0,0,0, 0.3);\t\t}\t\t.bwg-standard-thumbnails .bwg-zoom-effect:hover img {\t\t\t-ms-transform: scale(1.08);\t\t\t-webkit-transform: scale(1.08);\t\t\ttransform: scale(1.08);\t\t}\t\t      }\t    #bwg_container1_0 #bwg_container2_0 .bwg-container-0.bwg-standard-thumbnails .bwg-item1 {      padding-top: 66.666666666667%;    }        #bwg_container1_0 #bwg_container2_0 .bwg-container-0.bwg-standard-thumbnails .bwg-title1 {      position: absolute;      top: 0;      z-index: 100;      width: 100%;      height: 100%;      display: flex;      justify-content: center;      align-content: center;      flex-direction: column;      opacity: 0;    }\t      #bwg_container1_0 #bwg_container2_0 .bwg-container-0.bwg-standard-thumbnails .bwg-title2,    #bwg_container1_0 #bwg_container2_0 .bwg-container-0.bwg-standard-thumbnails .bwg-ecommerce2 {      color: #FFFFFF;      font-family: Ubuntu;      font-size: 16px;      font-weight: bold;      padding: 5px;      text-shadow: ;      max-height: 100%;    }    #bwg_container1_0 #bwg_container2_0 .bwg-container-0.bwg-standard-thumbnails .bwg-thumb-description span {    color: #323A45;    font-family: Ubuntu;    font-size: 12px;    max-height: 100%;    word-wrap: break-word;    }    #bwg_container1_0 #bwg_container2_0 .bwg-container-0.bwg-standard-thumbnails .bwg-play-icon2 {      font-size: 32px;    }    #bwg_container1_0 #bwg_container2_0 .bwg-container-0.bwg-standard-thumbnails .bwg-ecommerce2 {      font-size: 19.2px;      color: #323A45;    }    <\/style>    <div id=\"bwg_container1_0\"         class=\"bwg_container bwg_thumbnail bwg_thumbnails \"         data-right-click-protection=\"1\"         data-bwg=\"0\"         data-scroll=\"0\"         data-gallery-type=\"thumbnails\"         data-gallery-view-type=\"thumbnails\"         data-current-url=\"\/index.php?rest_route=%2Fwp%2Fv2%2Fpages%2F184\"         data-lightbox-url=\"https:\/\/dampflokbildarchiv.de\/wp-admin\/admin-ajax.php?action=GalleryBox&#038;current_view=0&#038;gallery_id=8&#038;tag=0&#038;theme_id=2&#038;shortcode_id=20&#038;sort_by=order&#038;order_by=asc&#038;current_url=%2Findex.php%3Frest_route%3D%252Fwp%252Fv2%252Fpages%252F184\"         data-gallery-id=\"8\"         data-popup-width=\"800\"         data-popup-height=\"500\"         data-is-album=\"gallery\"         data-buttons-position=\"bottom\">      <div id=\"bwg_container2_0\">             <div id=\"ajax_loading_0\" class=\"bwg_loading_div_1\">      <div class=\"bwg_loading_div_2\">        <div class=\"bwg_loading_div_3\">          <div id=\"loading_div_0\" class=\"bwg_spider_ajax_loading\">          <\/div>        <\/div>      <\/div>    <\/div>            <form id=\"gal_front_form_0\"              class=\"bwg-hidden\"              method=\"post\"              action=\"#\"              data-current=\"0\"              data-shortcode-id=\"20\"              data-gallery-type=\"thumbnails\"              data-gallery-id=\"8\"              data-tag=\"0\"              data-album-id=\"0\"              data-theme-id=\"2\"              data-ajax-url=\"https:\/\/dampflokbildarchiv.de\/wp-admin\/admin-ajax.php?action=bwg_frontend_data\">          <div id=\"bwg_container3_0\" class=\"bwg-background bwg-background-0\">                <div data-max-count=\"5\"         data-thumbnail-width=\"120\"         data-bwg=\"0\"         data-gallery-id=\"8\"         data-lightbox-url=\"https:\/\/dampflokbildarchiv.de\/wp-admin\/admin-ajax.php?action=GalleryBox&amp;current_view=0&amp;gallery_id=8&amp;tag=0&amp;theme_id=2&amp;shortcode_id=20&amp;sort_by=order&amp;order_by=asc&amp;current_url=%2Findex.php%3Frest_route%3D%252Fwp%252Fv2%252Fpages%252F184\"         id=\"bwg_thumbnails_0\"         class=\"bwg-container-0 bwg-thumbnails bwg-standard-thumbnails bwg-container bwg-border-box\">            <div class=\"bwg-item\">        <a class=\"bwg-a  bwg_lightbox\"  data-image-id=\"231\" href=\"https:\/\/dampflokbildarchiv.de\/wp-content\/uploads\/photo-gallery\/44-9278_WL6-15_M_Ru_28-06-1_02.jpg?bwg=1618868073\" data-elementor-open-lightbox=\"no\">                <div class=\"bwg-item0 \">          <div class=\"bwg-item1 bwg-zoom-effect\">            <div class=\"bwg-item2\">              <img decoding=\"async\" class=\"skip-lazy bwg_standart_thumb_img_0 \"                   data-id=\"231\"                   data-width=\"240\"                   data-height=\"156\"                   data-src=\"https:\/\/dampflokbildarchiv.de\/wp-content\/uploads\/photo-gallery\/thumb\/44-9278_WL6-15_M_Ru_28-06-1_02.jpg?bwg=1618868073\"                   src=\"https:\/\/dampflokbildarchiv.de\/wp-content\/uploads\/photo-gallery\/thumb\/44-9278_WL6-15_M_Ru_28-06-1_02.jpg?bwg=1618868073\"                   alt=\"&lt;p style=&quot;text-align:center&quot;&gt; WL6 (44 9278) in L\u00f6ssen am 28.06.1984    &lt;br&gt;&lt;br&gt;Foto: Jens Ruttke&lt;\/p&gt;\"                   title=\"&lt;p style=&quot;text-align:center&quot;&gt; WL6 (44 9278) in L\u00f6ssen am 28.06.1984    &lt;br&gt;&lt;br&gt;Foto: Jens Ruttke&lt;\/p&gt;\" \/>            <\/div>            <div class=\"bwg-zoom-effect-overlay\">              <div class=\"bwg-title1\"><div class=\"bwg-title2\"><p style=\"text-align:center\"> WL6 (44 9278) in L\u00f6ssen am 28.06.1984    <br><br>Foto: Jens Ruttke<\/p><\/div><\/div>                                        <\/div>          <\/div>        <\/div>                        <\/a>        <div class=\"bwg-thumb-description bwg_thumb_description_0\"><span><\/span><\/div>      <\/div>            <div class=\"bwg-item\">        <a class=\"bwg-a  bwg_lightbox\"  data-image-id=\"233\" href=\"https:\/\/dampflokbildarchiv.de\/wp-content\/uploads\/photo-gallery\/44-9278_WL6-17_M_Ru_28-06-1_02.jpg?bwg=1618868073\" data-elementor-open-lightbox=\"no\">                <div class=\"bwg-item0 \">          <div class=\"bwg-item1 bwg-zoom-effect\">            <div class=\"bwg-item2\">              <img decoding=\"async\" class=\"skip-lazy bwg_standart_thumb_img_0 \"                   data-id=\"233\"                   data-width=\"240\"                   data-height=\"156\"                   data-src=\"https:\/\/dampflokbildarchiv.de\/wp-content\/uploads\/photo-gallery\/thumb\/44-9278_WL6-17_M_Ru_28-06-1_02.jpg?bwg=1618868073\"                   src=\"https:\/\/dampflokbildarchiv.de\/wp-content\/uploads\/photo-gallery\/thumb\/44-9278_WL6-17_M_Ru_28-06-1_02.jpg?bwg=1618868073\"                   alt=\"&lt;p style=&quot;text-align:center&quot;&gt; WL6 (44 9278) in L\u00f6ssen am 28.06.1984    &lt;br&gt;&lt;br&gt;Foto: Jens Ruttke&lt;\/p&gt;\"                   title=\"&lt;p style=&quot;text-align:center&quot;&gt; WL6 (44 9278) in L\u00f6ssen am 28.06.1984    &lt;br&gt;&lt;br&gt;Foto: Jens Ruttke&lt;\/p&gt;\" \/>            <\/div>            <div class=\"bwg-zoom-effect-overlay\">              <div class=\"bwg-title1\"><div class=\"bwg-title2\"><p style=\"text-align:center\"> WL6 (44 9278) in L\u00f6ssen am 28.06.1984    <br><br>Foto: Jens Ruttke<\/p><\/div><\/div>                                        <\/div>          <\/div>        <\/div>                        <\/a>        <div class=\"bwg-thumb-description bwg_thumb_description_0\"><span><\/span><\/div>      <\/div>            <div class=\"bwg-item\">        <a class=\"bwg-a  bwg_lightbox\"  data-image-id=\"232\" href=\"https:\/\/dampflokbildarchiv.de\/wp-content\/uploads\/photo-gallery\/44-9278_WL6-21_M_Ru_28-06-1_02.jpg?bwg=1618868073\" data-elementor-open-lightbox=\"no\">                <div class=\"bwg-item0 \">          <div class=\"bwg-item1 bwg-zoom-effect\">            <div class=\"bwg-item2\">              <img decoding=\"async\" class=\"skip-lazy bwg_standart_thumb_img_0 \"                   data-id=\"232\"                   data-width=\"240\"                   data-height=\"156\"                   data-src=\"https:\/\/dampflokbildarchiv.de\/wp-content\/uploads\/photo-gallery\/thumb\/44-9278_WL6-21_M_Ru_28-06-1_02.jpg?bwg=1618868073\"                   src=\"https:\/\/dampflokbildarchiv.de\/wp-content\/uploads\/photo-gallery\/thumb\/44-9278_WL6-21_M_Ru_28-06-1_02.jpg?bwg=1618868073\"                   alt=\"&lt;p style=&quot;text-align:center&quot;&gt; WL6 (44 9278) in L\u00f6ssen am 28.06.1984    &lt;br&gt;&lt;br&gt;Foto: Jens Ruttke&lt;\/p&gt;\"                   title=\"&lt;p style=&quot;text-align:center&quot;&gt; WL6 (44 9278) in L\u00f6ssen am 28.06.1984    &lt;br&gt;&lt;br&gt;Foto: Jens Ruttke&lt;\/p&gt;\" \/>            <\/div>            <div class=\"bwg-zoom-effect-overlay\">              <div class=\"bwg-title1\"><div class=\"bwg-title2\"><p style=\"text-align:center\"> WL6 (44 9278) in L\u00f6ssen am 28.06.1984    <br><br>Foto: Jens Ruttke<\/p><\/div><\/div>                                        <\/div>          <\/div>        <\/div>                        <\/a>        <div class=\"bwg-thumb-description bwg_thumb_description_0\"><span><\/span><\/div>      <\/div>            <div class=\"bwg-item\">        <a class=\"bwg-a  bwg_lightbox\"  data-image-id=\"234\" href=\"https:\/\/dampflokbildarchiv.de\/wp-content\/uploads\/photo-gallery\/44-9278_WL6-29_M_Ru_28-06-1_02.jpg?bwg=1618868073\" data-elementor-open-lightbox=\"no\">                <div class=\"bwg-item0 \">          <div class=\"bwg-item1 bwg-zoom-effect\">            <div class=\"bwg-item2\">              <img decoding=\"async\" class=\"skip-lazy bwg_standart_thumb_img_0 \"                   data-id=\"234\"                   data-width=\"240\"                   data-height=\"155\"                   data-src=\"https:\/\/dampflokbildarchiv.de\/wp-content\/uploads\/photo-gallery\/thumb\/44-9278_WL6-29_M_Ru_28-06-1_02.jpg?bwg=1618868073\"                   src=\"https:\/\/dampflokbildarchiv.de\/wp-content\/uploads\/photo-gallery\/thumb\/44-9278_WL6-29_M_Ru_28-06-1_02.jpg?bwg=1618868073\"                   alt=\"&lt;p style=&quot;text-align:center&quot;&gt; WL6 (44 9278) bei L\u00f6ssen mit Gz nach Leuna am 28.06.1984    &lt;br&gt;&lt;br&gt;Foto: Jens Ruttke&lt;\/p&gt;\"                   title=\"&lt;p style=&quot;text-align:center&quot;&gt; WL6 (44 9278) bei L\u00f6ssen mit Gz nach Leuna am 28.06.1984    &lt;br&gt;&lt;br&gt;Foto: Jens Ruttke&lt;\/p&gt;\" \/>            <\/div>            <div class=\"bwg-zoom-effect-overlay\">              <div class=\"bwg-title1\"><div class=\"bwg-title2\"><p style=\"text-align:center\"> WL6 (44 9278) bei L\u00f6ssen mit Gz nach Leuna am 28.06.1984    <br><br>Foto: Jens Ruttke<\/p><\/div><\/div>                                        <\/div>          <\/div>        <\/div>                        <\/a>        <div class=\"bwg-thumb-description bwg_thumb_description_0\"><span><\/span><\/div>      <\/div>          <\/div>    <style>      \/*pagination styles*\/      #bwg_container1_0 #bwg_container2_0 .tablenav-pages_0 {\t\t\t\ttext-align: center;\t\t\t\tfont-size: 12px;\t\t\t\tfont-family: Ubuntu;\t\t\t\tfont-weight: bold;\t\t\t\tcolor: #666666;\t\t\t\tmargin: 6px 0 4px;\t\t\t\tdisplay: block;      }      @media only screen and (max-width : 320px) {      #bwg_container1_0 #bwg_container2_0 .displaying-num_0 {     \t display: none;      }      }      #bwg_container1_0 #bwg_container2_0 .displaying-num_0 {\t\t\t\tfont-size: 12px;\t\t\t\tfont-family: Ubuntu;\t\t\t\tfont-weight: bold;\t\t\t\tcolor: #666666;\t\t\t\tmargin-right: 10px;\t\t\t\tvertical-align: middle;      }      #bwg_container1_0 #bwg_container2_0 .paging-input_0 {\t\t\t\tfont-size: 12px;\t\t\t\tfont-family: Ubuntu;\t\t\t\tfont-weight: bold;\t\t\t\tcolor: #666666;\t\t\t\tvertical-align: middle;      }      #bwg_container1_0 #bwg_container2_0 .tablenav-pages_0 a.disabled,      #bwg_container1_0 #bwg_container2_0 .tablenav-pages_0 a.disabled:hover,      #bwg_container1_0 #bwg_container2_0 .tablenav-pages_0 a.disabled:focus,\t\t\t#bwg_container1_0 #bwg_container2_0 .tablenav-pages_0 input.bwg_current_page {\t\t\t\tcursor: default;\t\t\t\tcolor: rgba(102, 102, 102, 0.5);      }      #bwg_container1_0 #bwg_container2_0 .tablenav-pages_0 a,      #bwg_container1_0 #bwg_container2_0 .tablenav-pages_0 input.bwg_current_page {\t\t\t\tcursor: pointer;\t\t\t\ttext-align: center;\t\t\t\tfont-size: 12px;\t\t\t\tfont-family: Ubuntu;\t\t\t\tfont-weight: bold;\t\t\t\tcolor: #666666;\t\t\t\ttext-decoration: none;\t\t\t\tpadding: 3px 6px;\t\t\t\tmargin: 0;\t\t\t\tborder-radius: 0;\t\t\t\tborder-style: none;\t\t\t\tborder-width: 1px;\t\t\t\tborder-color: #E3E3E3;\t\t\t\t\t\t\t\tbackground-color: rgba(252, 252, 252, 1.00);\t\t\t\tbox-shadow: 0;\t\t\t\ttransition: all 0.3s ease 0s;-webkit-transition: all 0.3s ease 0s;      }      <\/style>      <span class=\"bwg_nav_cont_0\">              <div class=\"tablenav-pages_0\">                  <\/div>                <input type=\"hidden\" id=\"page_number_0\" name=\"page_number_0\" value=\"1\" \/>      <script type=\"text\/javascript\">        if( jQuery('.bwg_nav_cont_0').length > 1 ) {          jQuery('.bwg_nav_cont_0').first().remove()        }        function spider_page_0(cur, x, y, load_more) {          if (typeof load_more == \"undefined\") {            var load_more = false;          }          if (jQuery(cur).hasClass('disabled')) {            return false;          }          var items_county_0 = 1;          switch (y) {            case 1:              if (x >= items_county_0) {                document.getElementById('page_number_0').value = items_county_0;              }              else {                document.getElementById('page_number_0').value = x + 1;              }              break;            case 2:              document.getElementById('page_number_0').value = items_county_0;              break;            case -1:              if (x == 1) {                document.getElementById('page_number_0').value = 1;              }              else {                document.getElementById('page_number_0').value = x - 1;              }              break;            case -2:              document.getElementById('page_number_0').value = 1;              break;\t\t\t\t\t\tcase 0:              document.getElementById('page_number_0').value = x;              break;            default:              document.getElementById('page_number_0').value = 1;          }          bwg_ajax('gal_front_form_0', '0', 'bwg_thumbnails_0', '0', '', 'gallery', 0, '', '', load_more, '', 1);        }                    jQuery('.first-page-0').on('click', function () {              spider_page_0(this, 1, -2, 'numeric');              return false;            });            jQuery('.prev-page-0').on('click', function () {              spider_page_0(this, 1, -1, 'numeric');              return false;            });            jQuery('.next-page-0').on('click', function () {              spider_page_0(this, 1, 1, 'numeric');              return false;            });            jQuery('.last-page-0').on('click', function () {              spider_page_0(this, 1, 2, 'numeric');              return false;            });        \t\t\t\t\/* Change page on input enter. *\/        function bwg_change_page_0( e, that ) {          if (  e.key == 'Enter' ) {            var to_page = parseInt(jQuery(that).val());            var pages_count = jQuery(that).parents(\".pagination-links\").data(\"pages-count\");            var current_url_param = jQuery(that).attr('data-url-info');            if (to_page > pages_count) {              to_page = 1;            }\t \t\t\t\t\t\t\t\t\t\t\t\tspider_page_0(this, to_page, 0, 'numeric');\t\t\t\t\t\t\treturn false;\t\t\t\t\t\t          }          return true;        }        jQuery('.bwg_load_btn_0').on('click', function () {            spider_page_0(this, 1, 1, true);            return false;        });      <\/script>      <\/span>                <\/div>        <\/form>        <style>          #bwg_container1_0 #bwg_container2_0 #spider_popup_overlay_0 {          background-color: #000000;          opacity: 0.70;          }          <\/style>        <div id=\"bwg_spider_popup_loading_0\" class=\"bwg_spider_popup_loading\"><\/div>        <div id=\"spider_popup_overlay_0\" class=\"spider_popup_overlay\" onclick=\"spider_destroypopup(1000)\"><\/div>        <input type=\"hidden\" id=\"bwg_random_seed_0\" value=\"2012979776\">                <\/div>    <\/div>    <script>      if (document.readyState === 'complete') {        if( typeof bwg_main_ready == 'function' ) {          if ( jQuery(\"#bwg_container1_0\").height() ) {            bwg_main_ready(jQuery(\"#bwg_container1_0\"));          }        }      } else {        document.addEventListener('DOMContentLoaded', function() {          if( typeof bwg_main_ready == 'function' ) {            if ( jQuery(\"#bwg_container1_0\").height() ) {             bwg_main_ready(jQuery(\"#bwg_container1_0\"));            }          }        });      }    <\/script>    \n\n\n\n<p class=\"has-text-align-center\">Diese Eins\u00e4tze endeten aber leider auf Grund von technischen Problemen schon<br>wieder im Laufe des Jahres 1984.<\/p>\n","protected":false},"excerpt":{"rendered":"<p>&nbsp; Im&nbsp;Dezember 1981 wurden&nbsp;alle \u00d6l-44er abgestellt wurden.&nbsp;Kurzeitige Eins\u00e4tze gab es nochmalsim April 1982, um die in den Bahnbetriebswerken vorhandenen \u00d6lbest\u00e4nde aufzubrauchen.Ein Gro\u00dfteil der 44er wurde danach auf Rostfeuerung f\u00fcr Heizzwecke zur\u00fcckgebaut.Eins\u00e4tze im Zugdienst blieben danach aber die Ausnahme. Damit endete das Kapitel BR 44, fast:Denn im Jahr 1983 wurde die ehemalige Sangerh\u00e4user 44 0278 auf&nbsp;Kohlenstaubfeuerungumgebaut [&hellip;]<\/p>\n","protected":false},"author":1,"featured_media":0,"parent":0,"menu_order":0,"comment_status":"open","ping_status":"open","template":"","meta":{"footnotes":""},"class_list":["post-184","page","type-page","status-publish","hentry"],"_links":{"self":[{"href":"https:\/\/dampflokbildarchiv.de\/index.php?rest_route=\/wp\/v2\/pages\/184","targetHints":{"allow":["GET"]}}],"collection":[{"href":"https:\/\/dampflokbildarchiv.de\/index.php?rest_route=\/wp\/v2\/pages"}],"about":[{"href":"https:\/\/dampflokbildarchiv.de\/index.php?rest_route=\/wp\/v2\/types\/page"}],"author":[{"embeddable":true,"href":"https:\/\/dampflokbildarchiv.de\/index.php?rest_route=\/wp\/v2\/users\/1"}],"replies":[{"embeddable":true,"href":"https:\/\/dampflokbildarchiv.de\/index.php?rest_route=%2Fwp%2Fv2%2Fcomments&post=184"}],"version-history":[{"count":2,"href":"https:\/\/dampflokbildarchiv.de\/index.php?rest_route=\/wp\/v2\/pages\/184\/revisions"}],"predecessor-version":[{"id":1816,"href":"https:\/\/dampflokbildarchiv.de\/index.php?rest_route=\/wp\/v2\/pages\/184\/revisions\/1816"}],"wp:attachment":[{"href":"https:\/\/dampflokbildarchiv.de\/index.php?rest_route=%2Fwp%2Fv2%2Fmedia&parent=184"}],"curies":[{"name":"wp","href":"https:\/\/api.w.org\/{rel}","templated":true}]}}